s of 3882438?
2, 3, 7, 10271
List the prime factors of 1229953.
619, 1987
List the prime factors of 979370.
2, 5, 7, 17, 823
What are the prime factors of 1974319?
1974319
List the prime factors of 12137.
53, 229
What are the prime factors of 4868621?
59, 179, 461
What are the prime factors of 6108020?
2, 5, 305401
What are the prime factors of 5274161?
5274161
What are the prime factors of 220872?
2, 3, 9203
What are the prime factors of 8549363?
953, 8971
List the prime factors of 2217220.
2, 5, 59, 1879
What are the prime factors of 127112?
2, 15889
List the prime factors of 1932214.
2, 37, 26111
List the prime factors of 117391.
89, 1319
What are the prime factors of 6555608?
2, 17, 19, 43, 59
What are the prime factors of 2641677?
3, 880559
List the prime factors of 94105.
5, 11, 29, 59
List the prime factors of 400779.
3, 44531
What are the prime factors of 312345?
3, 5, 11, 631
List the prime factors of 9399450.
2, 3, 5, 223, 281
List the prime factors of 37735174.
2, 18867587
List the prime factors of 1207042.
2, 603521
List the prime factors of 766550.
2, 5, 15331
What are the prime factors of 384872?
2, 48109
What are the prime factors of 3572985?
3, 5, 13, 73, 251
What are the prime factors of 53166?
2, 3, 8861
What are the prime factors of 211368?
2, 3, 8807
List the prime factors of 2486060.
2, 5, 124303
What are the prime factors of 5657806?
2, 7, 11, 36739
What are the prime factors of 1908616?
2, 227, 1051
What are the prime factors of 15304529?
89, 359, 479
What are the prime factors of 98452?
2, 151, 163
List the prime factors of 842845.
5, 101, 1669
List the prime factors of 6029622.
2, 3, 29, 11551
What are the prime factors of 141799?
7, 47, 431
List the prime factors of 98584.
2, 12323
What are the prime factors of 29619223?
29619223
What are the prime factors of 1063676?
2, 37, 7187
List the prime factors of 1835987.
691, 2657
What are the prime factors of 833925?
3, 5, 11119
List the prime factors of 17222250.
2, 3, 5, 22963
What are the prime factors of 222490?
2, 5, 19, 1171
What are the prime factors of 959748?
2, 3, 79979
List the prime factors of 1025662.
2, 11, 23, 2027
List the prime factors of 202038.
2, 3, 151, 223
List the prime factors of 203130.
2, 3, 5, 37, 61
What are the prime factors of 1347152?
2, 269, 313
What are the prime factors of 638915?
5, 53, 2411
List the prime factors of 6358319.
11, 578029
What are the prime factors of 26684498?
2, 71, 113, 1663
What are the prime factors of 2441489?
17, 143617
List the prime factors of 2979435.
3, 5, 307, 647
List the prime factors of 1290254.
2, 7, 23, 4007
List the prime factors of 1051931.
607, 1733
List the prime factors of 172934.
2, 86467
What are the prime factors of 1862497?
7, 13, 97, 211
List the prime factors of 585949.
7, 13, 47, 137
What are the prime factors of 802077?
3, 17, 15727
List the prime factors of 214169.
79, 2711
What are the prime factors of 3199784?
2, 7, 57139
What are the prime factors of 866097?
3, 96233
List the prime factors of 460200.
2, 3, 5, 13, 59
List the prime factors of 407740.
2, 5, 19, 29, 37
List the prime factors of 348445.
5, 227, 307
List the prime factors of 813863.
813863
List the prime factors of 6872484.
2, 3, 572707
What are the prime factors of 5287313?
5287313
What are the prime factors of 678936?
2, 3, 28289
List the prime factors of 21877285.
5, 4375457
What are the prime factors of 18499955?
5, 251, 14741
What are the prime factors of 1894577?
1894577
List the prime factors of 2092862.
2, 23, 45497
What are the prime factors of 11736219?
3, 11, 355643
What are the prime factors of 1049638?
2, 269, 1951
List the prime factors of 23683562.
2, 7, 67, 3607
List the prime factors of 486652.
2, 89, 1367
List the prime factors of 268080.
2, 3, 5, 1117
List the prime factors of 45610.
2, 5, 4561
What are the prime factors of 251566?
2, 7, 17, 151
What are the prime factors of 4715237?
103, 45779
List the prime factors of 18483691.
18483691
What are the prime factors of 511066?
2, 31, 8243
List the prime factors of 398131.
359, 1109
What are the prime factors of 13924337?
7, 823, 2417
What are the prime factors of 272111?
7, 38873
List the prime factors of 167691.
3, 55897
What are the prime factors of 835357?
31, 26947
What are the prime factors of 1060005?
3, 5, 70667
What are the prime factors of 49737?
3, 59, 281
What are the prime factors of 119761?
23, 41, 127
What are the prime factors of 85473?
3, 9497
List the prime factors of 1317506.
2, 658753
List the prime factors of 1562862.
2, 3, 7, 127, 293
List the prime factors of 261488.
2, 59, 277
List the prime factors of 4045971.
3, 109, 12373
What are the prime factors of 861858?
2, 3, 47881
What are the prime factors of 195877?
11, 17807
List the prime factors of 2383505.
5, 476701
List the prime factors of 911057.
7, 18593
What are the prime factors of 7754839?
17, 456167
What are the prime factors of 6238368?
2, 3, 21661
What are the prime factors of 61080?
2, 3, 5, 509
What are the prime factors of 9030367?
769, 11743
What are the prime factors of 241999?
139, 1741
List the prime factors of 1774011.
3, 19, 31123
What are the prime factors of 1528695?
3, 5, 7, 23, 211
What are the prime factors of 558067?
558067
What are the prime factors of 8483303?
1697, 4999
What are the prime factors of 33309?
3, 3701
List the prime factors of 6983682.
2, 3, 1163947
What are the prime factors of 438004?
2, 7, 15643
List the prime factors of 22251.
3, 7417
What are the prime factors of 516377?
516377
What are the prime factors of 4350611?
23, 43, 53, 83
What are the prime factors of 11892471?
3, 3964157
List the prime factors of 351697.
43, 8179
What are the prime factors of 137211?
3, 45737
List the prime factors of 7708573.
7708573
What are the prime factors of 2071143?
3, 79, 971
List the prime factors of 206544.
2, 3, 13, 331
List the prime factors of 2311716.
2, 3, 11, 83, 211
List the prime factors of 9325856.
2, 23, 12671
List the prime factors of 2555175.
3, 5, 7, 31, 157
What are the prime factors of 219057?
3, 73019
List the prime factors of 12527774.
2, 7, 107, 8363
List the prime factors of 2354046.
2, 3, 29, 83, 163
List the prime factors of 2981979.
3, 7, 11, 13, 331
List the prime factors of 2051189.
7, 41, 1021
What are the prime factors of 6003892?
2, 1500973
What are the prime factors of 838331?
13, 59, 1093
What are the prime factors of 604016?
2, 7, 5393
What are the prime factors of 1341790?
2, 5, 109, 1231
What are the prime factors of 5028222?
2, 3, 838037
What are the prime factors of 21125595?
3, 5, 1408373
What are the prime factors of 631282?
2, 439, 719
What are the prime factors of 298721?
43, 6947
What are the prime factors of 524699?
7, 23, 3259
List the prime factors of 215789.
7, 29, 1063
List the prime factors of 2737360.
2, 5, 34217
List the prime factors of 6782220.
2, 3, 5, 41, 919
What are the prime factors of 2334257?
2334257
List the prime factors of 8266606.
2, 107, 38629
List the prime factors of 4541959.
743, 6113
List the prime factors of 27169.
101, 269
List the prime factors of 2140583.
43, 67, 743
What are the prime factors of 283193?
283193
What are the prime factors of 43108?
2, 13, 829
What are the prime factors of 5074415?
5, 17, 59699
List the prime factors of 7844310.
2, 3, 5, 17, 1709
What are the prime factors of 279623?
19, 14717
What are the prime factors of 738719?
607, 1217
List the prime factors of 14085186.
2, 3, 1459, 1609
List the prime factors of 673438.
2, 17, 29, 683
What are the prime factors of 6154547?
7, 23, 43, 127
What are the prime factors of 4725094?
2, 11, 397, 541
What are the prime factors of 484835?
5, 13, 7459
What are the prime factors of 3498394?
2, 19, 43, 2141
What are the prime factors of 759920?
2, 5, 7, 23, 59
What are the prime factors of 127636?
2, 17, 1877
What are the prime factors of 277081?
7, 23, 1721
List the prime factors of 7756221.
3, 11, 23, 929
What are the prime factors of 25634?
2, 7, 1831
What are the prime factors of 4115601?
3, 7, 65327
What are the prime factors of 165126?
2, 3, 13, 29, 73
List the prime factors of 5781702.
2, 3, 61, 15797
List the prime factors of 122776.
2, 103, 149
What are the prime factors of 27958?
2, 7, 1997
List the prime factors of 10